. Suppose y*n - 19476 = 6*n. What are the prime factors of n?
2, 541
Let j be (0 - 5)*(15 - 2). Let u be ((-94)/(-4))/(j/70 - -1). Let o = u + -111. List the prime factors of o.
2, 109
Let d = -28 - -45. Suppose -5*m + d = -3. Suppose -4*q + 4*r - 18 = -5*q, 0 = -m*r - 4. What are the prime factors of q?
2, 11
Suppose 0 = v + 2*g - 2768, -46*g + 2 = -48*g. List the prime factors of v.
2, 5, 277
Let o be (-126)/(-5 + 12) - (-1 + -3). Let a(j) = -j**3 - 13*j**2 - 18*j - 8. Let t be a(o). Suppose 12*z - 17*z = -t. What are the prime factors of z?
2, 11
Let v(z) be the third derivative of -67*z**6/40 - z**5/60 - z**4/12 - z**3/3 - 20*z**2. Let m be v(-1). Suppose 3*a = -a + m. List the prime factors of a.
2, 5
Let f(y) = 4166*y**2 - 24*y + 2. Let i be f(2). Suppose i + 344 = 22*o. List the prime factors of o.
3, 257
Suppose 180*q + 214 = 181*q. Suppose -4*h = -q - 482. What are the prime factors of h?
2, 3, 29
Suppose -4*h - 8*g + 9*g = -1, 3*g = h - 14. Let r be ((-2)/7)/(h/7) + 1. Suppose -r*d = -16*d + 1248. What are the prime factors of d?
2, 3
Suppose 67*d - 26*d - 164 = 0. Suppose -16*h + 19*h = r - 645, 20 = d*h. List the prime factors of r.
2, 3, 5, 11
Let y = -3149 + 3244. Suppose 3*o + 2 - 8 = 0. Suppose 0 = 5*z + 4*w - o - 93, -y = -5*z - 2*w. List the prime factors of z.
19
Suppose 526 = -5*z - t, -t + 5*t - 206 = 2*z. Let s = 495 + z. What are the prime factors of s?
2, 3, 5, 13
Let l = 173 + -156. Let j(h) = 2*h**2 + 33*h + 40. List the prime factors of j(l).
3, 131
Let p = 15620 + -718. What are the prime factors of p?
2, 7451
Suppose 1627*i + 1633*i = 3264*i - 75320. What are the prime factors of i?
2, 5, 7, 269
Let r be 6/(-4) + 143/26. Suppose 16 = 4*p - 3*z - z, -r*z - 16 = -3*p. Suppose 0*k = -2*d - 3*k + 146, p = 5*d + 5*k - 355. List the prime factors of d.
67
Let u(t) = -7940*t - 602. What are the prime factors of u(-12)?
2, 47339
Let x be 2 + 5 + 2 + (6 - 11). Suppose x*w - 2*i - 169 = w, 5*i = -4*w + 187. What are the prime factors of w?
53
Suppose 0 = 44*m - 49*m + 5*a + 10690, 5*a - 10680 = -5*m. What are the prime factors of m?
2137
Let w be 360/(-9*2/(-12)). Let u = w - 79. List the prime factors of u.
7, 23
Suppose 28 = -x + 30. Suppose w - x*j = 682, w = -4*j + 676 - 18. List the prime factors of w.
2, 337
Let t = -33 + 83. Suppose -8*k = -13*k + t. Suppose -11*l = -k*l - 33. List the prime factors of l.
3, 11
Suppose -4*a = -16, -210*a = -2*p - 212*a + 5722. What are the prime factors of p?
2857
Let l(n) be the first derivative of 11*n**2/2 + 10*n + 20. Let z(x) = -16*x - 15. Let u(i) = 7*l(i) + 5*z(i). What are the prime factors of u(-7)?
2
Let z(v) = 4*v**2 - 194*v - 35. List the prime factors of z(77).
7, 1249
Let d be 0 + (-1 - 1) - -1209. Let u = -493 + d. List the prime factors of u.
2, 3, 7, 17
Let m be 7 - ((-16)/4 - 0). Suppose 3*g = -m - 7. Let r(u) = -u**3 - 6*u**2 - 2*u + 13. List the prime factors of r(g).
5
Suppose 4*a + 898155 = 127*a - 5447784. What are the prime factors of a?
51593
Let v(o) = 7*o + 11*o + 36 - 9. List the prime factors of v(14).
3, 31
Let j(o) = 17*o + 81*o**2 - 32 - 43 - 80*o**2. List the prime factors of j(-28).
233
Suppose -2*c = -249 + 245. Suppose -1393 = -0*b - 5*b + 2*p, -4*b - c*p + 1100 = 0. List the prime factors of b.
277
Let g be (-2)/6 + 7/3. Let w(n) = 14*n - 1 - 3 - g + 3. What are the prime factors of w(6)?
3
Let x = 8 + 22. Let h be 14/(-4)*(-15 - -13). Let n = h + x. What are the prime factors of n?
37
Let n = -186 + 188. Suppose n*p - 7*p + 1852 = s, 0 = 4*s - 8. What are the prime factors of p?
2, 5, 37
Let u = 1308 - -1655. Suppose 12*d - u = 19993. What are the prime factors of d?
1913
Let q(x) = 33*x + 11 + 0 - 4. What are the prime factors of q(3)?
2, 53
Let p(k) = 155*k**3 - 2*k**2 + 15*k - 56. List the prime factors of p(4).
2, 2473
Let m(o) = 34*o - 10. Let n be m(4). Suppose n = 4*h - 306. Let p = -16 + h. List the prime factors of p.
2, 23
Suppose 13590 = 5*u - 3*r, -95*u - 3*r = -96*u + 2706. List the prime factors of u.
3, 907
Suppose -2*t = 0, -3*d + 7491 = -5*t + 2825 - 12851. What are the prime factors of d?
5839
Let i be (0 + 3 + -5)*5/(-2). List the prime factors of 6144/i - -1 - 5/(-25).
2, 3, 5, 41
Let k be (-117)/52*4 + 16. Let h(s) = -4 + 4*s**2 - 13*s - 7 - 10. List the prime factors of h(k).
2, 3, 7
Let y(s) = 168*s + 18 + 178*s - 265*s + 21. What are the prime factors of y(4)?
3, 11
Let c = -191 + 76. Let i = 119 + c. Suppose i*l + r = 119, 29 = l + r - 0. List the prime factors of l.
2, 3, 5
Let u = -210 + 187. Suppose 126 = 3*l - 0*l. Let g = u + l. List the prime factors of g.
19
Let x = -184 - -96. Let v = 99 + x. Suppose v*n + 844 = 15*n. What are the prime factors of n?
211
Suppose 0*t - d = -5*t + 1082, 874 = 4*t - 5*d. Let s = -54 + t. Let l = 115 + s. What are the prime factors of l?
277
Suppose -4*u + 220*n + 137100 = 217*n, -5*u + 3*n + 171378 = 0. List the prime factors of u.
2, 3, 29, 197
Suppose 4*a = 4*q + 44, 0 = -2*a - 3*q + 2*q + 25. Suppose -31*y = -145*y - 6270. Let n = a - y. List the prime factors of n.
67
Let g(l) = 22*l - 115 - 4*l + 113. Let m be g(18). Suppose 2*y - c - m = 0, y - 5*c = 4*y - 509. What are the prime factors of y?
163
Let i be 25/(-50)*(1 + 533). Let c = i + 953. What are the prime factors of c?
2, 7
Let o(y) = y**3 - 21*y**2 - 21*y - 12. Let i be o(22). Suppose -i*j + 2055 = -1615. List the prime factors of j.
367
Let x(a) = a**2 - 13*a - 6. Let w(k) = k**3 + 14*k**2 + 24*k + 14. Let f be w(-12). Let v be x(f). List the prime factors of (4 - 1)*v*(-333)/(-36).
2, 3, 37
Let i = -524 - -527. Suppose i*z - 1018 = -277. List the prime factors of z.
13, 19
Let n = 7326 - 3905. Suppose -10*z - n = -10181. List the prime factors of z.
2, 13
Let f = 216 - 150. Let k(w) = 72*w + 0 + 1 + 3 - f*w. List the prime factors of k(6).
2, 5
Let o(s) = 24*s**2 - 85. What are the prime factors of o(17)?
13, 17, 31
Suppose 16379 + 14891 = 3*i - j, -2*i - j + 20845 = 0. List the prime factors of i.
7, 1489
List the prime factors of ((-23)/(2254/308))/(1/(-4501)).
2, 11, 643
Suppose 0 = -2*p - 2, 3 = 6*h - 3*h + 3*p. Suppose h*x = 2*k - 72, 4*k - 3*x - 173 + 29 = 0. Let l = 73 - k. What are the prime factors of l?
37
Let p(t) be the third derivative of 35*t**4/24 + 67*t**3/3 + 7*t**2 + 5. List the prime factors of p(15).
659
Let w(x) = x**2 + 4*x + 74. Let m = 29 - 26. Suppose 5*o - u = -5, -5*o - m*u + 15 = -4*o. List the prime factors of w(o).
2, 37
List the prime factors of (-778)/(-1167) + (-2 - 64741/(-3)).
3, 7193
Let b = -1380 + 2910. Suppose 5*w + 4*t = b, 3*t + 398 = 2*w - 237. What are the prime factors of w?
2, 5, 31
Suppose 3*i + 92 = -2*c - 126, -5*c - 556 = 2*i. Let r be c/(-6)*18/(-12). Let s = 117 + r. What are the prime factors of s?
89
Let w(h) = h**2 - 1. Let c(x) = -x**2 + x - 9. Let z(l) = -c(l) + 3*w(l). Let j = 444 - 448. List the prime factors of z(j).
2, 37
Let h(p) = -10682*p + 381. List the prime factors of h(-2).
5, 4349
Suppose 13310 = r - 2*u - 2*u, -r - 5*u + 13364 = 0. What are the prime factors of r?
2, 59, 113
Let s(c) = -c**2 - 2. Let z(g) = -12*g**3 + 5*g**2 - 3*g - 9. Let w(o) = -3*s(o) - z(o). List the prime factors of w(3).
2, 3, 5, 11
Let r = 76 - 76. Suppose 2*j = -r*j + 28. Suppose 7*n = j*n - 217. What are the prime factors of n?
31
Suppose 3960 = 7*j - 3383. Let a = -595 + j. What are the prime factors of a?
2, 227
Suppose 4*t = 2*b + 6, -5*t = 4*b - 3*t + 2. Let h be 0*(-1)/(0 - b). Suppose 4*n = -5*w + 393, h*n + 411 = 5*w - 2*n. What are the prime factors of w?
3
Let h(i) = -i**2 + 5*i + 2. Let x be h(5). Let q be (0*(-7)/(-21))/(x/1). Suppose 0 = -3*j - 3*s + 96, q = -4*j + s + 149 - 36. List the prime factors of j.
29
Suppose 0 = f + 6, -2*f + 20296 + 31728 = 2*j. What are the prime factors of j?
2, 13009
Suppose -3*u + 4225 = -l - 4498, 0 = 2*u + 5*l - 5855. List the prime factors of u.
2, 3, 5, 97
Let v(a) = -2*a**3 - 6 - 2 - 8*a - 7*a**2 + a**3 + 0. Let b be v(-6). Suppose f - b*f + 485 = 5*w, -2*f = 4*w - 388. List the prime factors of w.
97
Suppose -460*x - 51624 = -468*x. What are the prime factors of x?
3, 239
Let o(g) = g**3 - 18*g**2 + 2*g - 33. Let b be o(18). List the prime factors of 516*((-7)/b)/(-7).
2, 43
Suppose -4*s - 36*x + 32*x + 21516 = 0, 5*s - 3*